r of 1071199884?
True
Does 7190 divide 157245300?
True
Does 1516 divide 17816702?
False
Is 48830706 a multiple of 3858?
True
Does 3226 divide 1797827407?
False
Is 249 a factor of 266107296?
True
Is 274 a factor of 1260972386?
True
Does 1013 divide 37062631?
True
Is 164717710 a multiple of 23?
False
Is 8 a factor of 45565817?
False
Does 218 divide 88063716?
True
Is 219091172 a multiple of 1972?
True
Does 13893 divide 2329404505?
False
Is 220623706 a multiple of 5?
False
Is 135176620 a multiple of 10?
True
Is 477245285 a multiple of 253?
True
Does 6 divide 887788092?
True
Is 141 a factor of 33520212?
True
Is 1716 a factor of 1004167389?
False
Does 30 divide 117347683?
False
Is 34477275 a multiple of 3863?
True
Is 19 a factor of 510804919?
False
Is 356166854 a multiple of 9143?
False
Is 2475 a factor of 45613912?
False
Does 10 divide 3360542067?
False
Does 603 divide 24232913?
False
Is 245 a factor of 79427285?
True
Does 25 divide 19965400?
True
Does 22 divide 1099662960?
True
Is 106 a factor of 232384754?
True
Does 86 divide 9889001?
False
Is 22 a factor of 694957567?
False
Is 630 a factor of 956224080?
True
Is 104063980 a multiple of 64?
False
Is 4843591 a multiple of 81?
False
Does 11 divide 417956330?
True
Is 626 a factor of 165052412?
True
Is 18 a factor of 4756762?
False
Is 323 a factor of 875285103?
True
Is 64388058 a multiple of 389?
True
Is 253 a factor of 482299466?
True
Is 499875501 a multiple of 339?
True
Is 608 a factor of 14779529?
False
Is 2055 a factor of 314592118?
False
Is 19 a factor of 18645025?
False
Is 135 a factor of 252229799?
False
Is 156277878 a multiple of 327?
True
Is 6 a factor of 21840552?
True
Is 980 a factor of 547578659?
False
Is 105 a factor of 25158315?
True
Does 703 divide 28432132?
True
Does 4596 divide 2504576412?
True
Is 713 a factor of 142907303?
True
Does 86 divide 1455025400?
True
Is 560477931 a multiple of 291?
True
Does 277 divide 1220250649?
True
Does 920 divide 227355000?
True
Does 1524 divide 1064323500?
True
Does 22 divide 178966102?
False
Does 2765 divide 3897974025?
False
Is 138386374 a multiple of 12?
False
Is 59334495 a multiple of 111?
True
Is 7247533 a multiple of 9?
False
Is 917101504 a multiple of 11?
True
Is 3 a factor of 8028138?
True
Is 986703509 a multiple of 153?
False
Does 36 divide 2599668?
True
Does 5 divide 25741754?
False
Is 11 a factor of 181235503?
False
Is 33170400 a multiple of 180?
True
Does 434 divide 3648154958?
True
Does 4 divide 18434114?
False
Is 18473256 a multiple of 47?
True
Does 476 divide 91992044?
False
Does 78 divide 34295274?
True
Does 332 divide 53980876?
True
Does 99 divide 19476169?
False
Is 35 a factor of 173315575?
False
Does 31 divide 6046876?
False
Is 54295907 a multiple of 6?
False
Is 56 a factor of 47887553?
False
Is 62 a factor of 53604011?
False
Is 124 a factor of 8852288?
False
Is 26640292 a multiple of 345?
False
Is 53 a factor of 26739719?
True
Is 60255059 a multiple of 211?
True
Is 568 a factor of 661547328?
True
Is 47776669 a multiple of 182?
False
Is 7 a factor of 17351173?
True
Is 138202950 a multiple of 49?
False
Is 52579648 a multiple of 11?
True
Is 449000940 a multiple of 230?
True
Does 15 divide 170370030?
True
Does 1310 divide 17261870?
True
Is 2117 a factor of 83701946?
True
Is 421522095 a multiple of 31?
False
Is 19930374 a multiple of 486?
True
Is 2357 a factor of 90423948?
True
Is 226 a factor of 5051309502?
True
Is 37 a factor of 1179604459?
False
Is 179954099 a multiple of 13?
True
Does 241 divide 33264507?
True
Is 41 a factor of 234574776?
True
Does 348 divide 2028884196?
True
Is 367 a factor of 100237976?
True
Is 94097041 a multiple of 15?
False
Is 18 a factor of 1909536570?
True
Is 33621762 a multiple of 3?
True
Is 131593987 a multiple of 36?
False
Is 4258 a factor of 95635522?
False
Is 789535284 a multiple of 867?
True
Is 729370820 a multiple of 10?
True
Is 1354673841 a multiple of 1929?
False
Is 4841 a factor of 2343087569?
True
Does 1406 divide 1392260568?
True
Is 83239371 a multiple of 9?
True
Does 125 divide 2401068846?
False
Is 1780722493 a multiple of 2122?
False
Does 90 divide 343324980?
True
Does 202 divide 74851706?
True
Is 23 a factor of 4776621837?
False
Is 56 a factor of 177603714?
False
Is 11332908 a multiple of 387?
True
Is 225 a factor of 36430650?
True
Is 120606628 a multiple of 11?
False
Does 1905 divide 56068873?
False
Does 27 divide 47201240?
False
Does 159 divide 24995436?
True
Does 23 divide 1168690775?
False
Is 1557050 a multiple of 5662?
True
Is 140890258 a multiple of 60?
False
Is 905 a factor of 29739147?
False
Is 303 a factor of 14654113?
False
Is 90142017 a multiple of 4681?
True
Is 1687688433 a multiple of 537?
True
Is 78 a factor of 1695026502?
True
Is 1835080388 a multiple of 124?
False
Does 25 divide 12183145?
False
Does 59 divide 11731155?
False
Is 3131364 a multiple of 17?
False
Does 382 divide 170977174?
False
Does 12 divide 1577630981?
False
Is 3138966225 a multiple of 58?
False
Is 49696056 a multiple of 474?
True
Is 141888240 a multiple of 108?
True
Is 13453984 a multiple of 15?
False
Does 152 divide 37508736?
True
Is 176545649 a multiple of 29?
True
Does 16 divide 818171409?
False
Is 1083 a factor of 99985809?
True
Is 24497384 even?
True
Is 210 a factor of 588078540?
True
Is 41 a factor of 1158586733?
True
Is 208415605 a multiple of 4494?
False
Is 9714053 a multiple of 58?
False
Is 50 a factor of 315168783?
False
Is 61 a factor of 156156117?
False
Does 3 divide 17246148?
True
Does 44 divide 171361485?
False
Does 28 divide 120599052?
True
Is 2 a factor of 201143?
False
Is 1815939 a multiple of 47?
True
Is 179 a factor of 5946738?
True
Does 847 divide 646598172?
False
Is 3287802290 a multiple of 25?
False
Is 6 a factor of 74369598?
True
Does 140 divide 7427980?
True
Does 148 divide 87437291?
False
Is 14366048 a multiple of 8?
True
Does 13 divide 40664958?
False
Does 3614 divide 1102721750?
True
Is 2803 a factor of 572221238?
True
Is 57 a factor of 602846421?
True
Is 10514518 a multiple of 7?
True
Is 138 a factor of 3340781556?
True
Is 4161780930 a multiple of 139?
True
Is 1211 a factor of 34613862?
False
Is 23 a factor of 12410386?
True
Is 89 a factor of 282756526?
False
Does 6627 divide 1130489185?
False
Is 1808 a factor of 33243803?
False
Does 69 divide 15609910?
False
Is 14150809 a multiple of 15?
False
Does 6143 divide 434027522?
True
Is 66498053 a multiple of 25?
False
Does 21 divide 494009481?
True
Is 1981 a factor of 2052930110?
True
Does 42 divide 334150446?
True
Is 48 a factor of 25492811?
False
Is 13 a factor of 87992957?
True
Is 401446368 a multiple of 660?
False
Is 203813544 a multiple of 151?
False
Does 48 divide 5450330?
False
Does 18 divide 27955991?
False
Does 1356 divide 1268894628?
True
Is 23856405 a multiple of 69?
True
Is 84612370 a multiple of 328?
False
Does 6746 divide 424647208?
True
Is 7668290 a multiple of 12?
False
Is 12 a factor of 15649514?
False
Does 119 divide 11611187?
True
Is 501075648 a multiple of 136?
False
Is 473073496 a multiple of 14?
True
Does 22 divide 6270264?
True
Is 495 a factor of 9444600?
True
Does 224 divide 76179024?
False
Is 522 a factor of 188423212?
False
Is 633397321 a multiple of 3064?
False
Is 21 a factor of 126648549?
False
Is 77586002 a multiple of 173?
True
Is 3065 a factor of 253328787?
False
Does 28 divide 93783949?
False
Does 50 divide 109633120?
False
Does 5879 divide 5186426570?
False
Is 42 a factor of 922020689?
False
Is 49 a factor of 1110460883?
True
Does 788 divide 907778665?
False
Does 15 divide 2287038954?
False
Is 126 a factor of 196685322?
False
Is 3318 a factor of 176868416?
False
Is 54849660 a multiple of 4?
True
Is 858 a factor of 33299907?
False
Is 44417164 a multiple of 2757?
False
Is 18 a factor of 71120178?
True
Is 8 a factor of 1397634220?
False
Is 1571014371 a multiple of 813?
True
Is 43015409 a multiple of 308?
False
Does 257 divide 36973844?
False
Does 222 divide 619529759?
False
Does 599 divide 563333951?
False
Does 29 divide 749369494?
False
Does 10 divide 24398500?
True
Is 228 a factor of 35516700?
True
Is 119798327 a multiple of 9?
False
Does 364 divide 9481836?
True
Does 43 divide 147561294?
True
Is 10650382 a multiple of 193?
False
Is 42 a factor of 353701293?
False
Is 3547363061 a multiple of 54?
False
Is 